 -4 - 0 - (-13 - -13)?
-4
Evaluate -2 + (-5 - (1 - 6) - 3).
-5
-1 - (1 - (4 + -1))
1
Calculate -1 + (4 - (3 - 2)) + 3.
5
Calculate 1 + -1 + (-4 - 0 - -6).
2
What is 6 - (-5 + 4 - -4)?
3
What is the value of -6 - -7 - (5 - 1)?
-3
0 - (-4 + 3) - (0 + 0)
1
What is 1 - (4 + (-2 + 2 - 1))?
-2
What is -2 + 6 + 1 + -6?
-1
Calculate 1 + 1 - (29 + -28).
1
What is the value of 10 - (1 + 9 - (-12 - -18))?
6
What is -4 - 0 - (10 - 10)?
-4
What is -4 + (-5 + 7 - -3)?
1
What is the value of -2 - -2 - 4 - -2?
-2
(8 - (-2 - -1)) + (-1 - 3)
5
What is the value of -1 - 3 - (-3 + -3)?
2
What is the value of 8 + -9 + 19 - 11?
7
What is -8 - (-2 - (-4 + (3 - -4)))?
-3
Evaluate -5 + 2 - (-4 - -4).
-3
What is -1 + 5 + -2 + (-5 - -1)?
-2
What is -5 + (-9 - -1) - -10?
-3
What is 1 - 1 - (-22 + 24) - -10?
8
Calculate -4 + -9 + (10 - (-1 - -7)).
-9
Calculate -4 + (-1 + -1 - -12).
6
Calculate 7 + -5 - 4 - -5.
3
Calculate (-27 + 10 - -10) + 0 + 4.
-3
What is (3 - 3) + 4 + -3?
1
What is 5 - (-8 + 14 - (-1 + 4))?
2
What is (0 - 0) + (-2 + 0 - 0)?
-2
Calculate 3 + -4 - ((5 - 3) + -3).
0
(15 - (8 + 0) - 10) + -6
-9
Calculate -5 + (11 - 5 - 0).
1
8 + -10 - -5 - 4
-1
Evaluate (3 - (0 + -3 - -3)) + -3.
0
Evaluate 7 - (15 - (5 + 2)).
-1
Calculate (4 - 13) + (-2 - -5 - -1).
-5
Evaluate 5 + -9 + 4 + 1 + -4.
-3
12 - (11 - 9 - -1)
9
7 + -17 + 10 - (0 + -2)
2
What is -6 - (-2 - -8 - 10) - 5?
-7
What is 2 + -6 - (-14 + (17 - 13))?
6
Calculate -17 + 17 + 0 + (2 - 3).
-1
Calculate 7 + 0 + (2 - 6) - -2.
5
Evaluate 45 + -34 + (-2 - (5 - 2)).
6
1 - (5 + 8 + -8 + 3)
-7
What is -13 + 15 - (2 + -1 + -1)?
2
Calculate 4 + (1 + 1 - 3).
3
What is 6 + -1 - (13 + -19 + 10)?
1
What is the value of -4 - -2 - (0 + 1)?
-3
What is 6 + -1 + 0 + -6?
-1
Evaluate 6 + (-2 - 5) - -1.
0
Calculate 0 + (-4 - (-8 + 5)).
-1
What is the value of (9 - (2 + 4)) + -4?
-1
Calculate 1 + 1 - (-2 + 3).
1
6 - (-3 + (0 - 6 - -15))
0
Evaluate 2 - (-1 - (-3 + 2 - 0)).
2
What is 0 + 4 + -14 - -11?
1
What is -11 - (5 - 5) - -18?
7
Calculate 4 + 0 - -1 - (3 - -6).
-4
What is 4 - (-4 + 2) - 12?
-6
What is the value of -11 + (-8 - -14) - -3?
-2
What is 7 + (-2 + 0 - 2)?
3
Calculate 1 + (-7 - -5) + (1 - 2).
-2
What is (-4 - (1 + 9)) + 7?
-7
What is the value of 1 + -2 - -1 - (8 + -7)?
-1
What is the value of 4 - 2 - (12 - (-12 - -20))?
-2
What is the value of -22 + 19 + (4 - 4) + -4?
-7
What is the value of -7 - -11 - (0 + (-2 - -4))?
2
What is -1 + (8 - (0 + 3 - -1))?
3
Calculate 0 + (9 - 8) + 2 + -5.
-2
(-1 - 0 - (-11 + 10)) + 6
6
What is the value of 8 - (-9 - -17) - 7?
-7
1 + -20 + 7 + 7 + 2
-3
What is the value of 7 + -4 + (7 - 5)?
5
Evaluate 2 - (3 + 1 + (21 - 20)).
-3
Calculate -3 + 0 - (6 + -7 + -3).
1
What is the value of 0 - -4 - (1 - -1 - 5)?
7
What is the value of -37 - -47 - (6 + 0)?
4
Evaluate -1 + -4 + -3 + 6.
-2
-2 - (5 + (0 - -5) + -14)
2
What is the value of (7 - 6) + -1 + 2 + -2?
0
What is 2 + 1 - (6 + -4)?
1
Evaluate (1 - -2) + -10 - -4.
-3
What is -1 + 1 - 2 - (-7 + 0)?
5
-12 + 0 + 6 + 0
-6
Evaluate -1 - 2 - (-7 - (-13 + 18)).
9
What is -2 + (-2 - -8) + (3 - 10)?
-3
Evaluate -7 - ((-12 - -5) + 6).
-6
8 - (11 - (-4 + 0))
-7
Calculate (4 - 7) + (-3 - -6) + 0.
0
Evaluate (4 + 2 - 7) + 4 + 4.
7
Calculate (8 - 15 - -9) + 5.
7
What is the value of -3 - -5 - (-5 + 2)?
5
What is 8 + (-18 + 4 - -4 - -6)?
4
(-11 - -8) + -3 + (0 - -3)
-3
What is the value of -4 + (15 - 5) + -5?
1
Calculate (-4 + 6 - 8) + 3.
-3
-6 - (-11 + (16 - 7))
-4
What is 2 + 0 + -2 + 2?
2
Calculate 3 + (-1 - -6) + -9.
-1
Calculate 4 + (3 - (3 + 0)) + -6.
-2
What is 14 + 7 + 0 + -18?
3
Evaluate (4 - -1) + 0 - (15 - 14).
4
Evaluate (-2 - 0) + 0 - (-4 + 6).
-4
Calculate 1 - 2 - (6 + -3).
-4
What is 1 + -7 + 11 + 2 + -3?
4
What is the value of 1 + 1 - 3 - (8 + -8)?
-1
Calculate 20 + -12 + (-3 - -1 - 1).
5
Calculate (-10 - -11) + -1 + -3.
-3
Calculate 5 + -5 + 2 + 1 - 9.
-6
Calculate 6 + -6 - (-2 + 1 - -2).
-1
0 + (-4 - -6) + 2
4
Calculate 1 + -4 + (8 - 0).
5
What is the value of -1 + (-5 - (5 - 14))?
3
Evaluate 4 + -3 + (-4 - -1).
-2
3 + 1 + -4 - (1 + -2)
1
(10 + -7 - 5) + 1 + 4
3
What is the value of 6 - (7 + 2 + 5 - 0)?
-8
Evaluate (-21 - -29) + 3 + (-1 - 1).
9
What is -3 - ((-4 - -4) + 0)?
-3
What is the value of 5 + -2 + -8 - (-6 - -1)?
0
What is the value of (14 - 6) + (-3 - 7)?
-2
Calculate (87 - 93) + 1 + 11.
6
(-9 - (-8 - (-2 - 1))) + 2
-2
What is the value of 4 + -5 + 0 + -2 + 5?
2
What is -7 - (-2 + -3 + 3) - -3?
-2
What is the value of (0 - 17) + (28 - 24) - -7?
-6
3 + (5 - 8) - (3 - 0)
-3
What is 2 - (5 + (-2 - -3) + -3)?
-1
What is (5 - -2) + -7 + 4?
4
Evaluate 0 + (2 + 0 - -1) + 2.
5
What is the value of (6 - (-2 + 2)) + (46 - 51)?
1
What is -38 + 45 + (-9 - 0)?
-2
-3 + 2 - (-4 - (-1 + -3))
-1
What is the value of (12 - 11) + -1 + 0?
0
(-1 + 2 + 3 - 0) + -7
-3
What is 6 - (4 + (-3 - -1))?
4
(-4 - -8) + (-9 - 1) - -7
1
What is -6 - (-6 + (-1 - (-2 - 5)))?
-6
Evaluate 6 + (-1 - (6 - 4) - 0).
3
-1 - -4 - (-5 + 8) - 1
-1
Evaluate (2 - (-3 + 12)) + 8.
1
Calculate -4 - (-2 - -6 - 6).
-2
-3 - (-2 - 1 - -5)
-5
What is -5 - (5 + -1 - (22 - 16))?
-3
(-9 + 1 - -1) + 10
3
Calculate 1 + 1 + 0 + -4.
-2
-11 + 1 + 20 + -14
-4
What is (2 - 13) + 4 + 3?
-4
What is 3 - (11 + 2 + -6) - -1?
-3
5 - (-3 + 5) - 6
-3
What is -3 + 10 - -3 - 16?
-6
Evaluate (2 - 7) + 1 + 0 + 2.
-2
Evaluate 4 - 10 - (2 - 8).
0
What is (-4 - 0) + -4 - -10?
2
What is the value of 14 + -15 - (4 - 0)?
-5
Calculate (3 - -1) + -5 + (-1 - 3).
-5
What is the value of 1 + (0 - 3) - -3?
1
What is 0 + -8 + 1 - (1 + -1)?
-7
Calculate (-1 - -1 - 4) + 2.
-2
Calculate 4 + 5 + -12 + 6.
3
31 + -30 + (1 + -4 - 0)
-2
Calculate -1 + 0 + (3 - 0) + -1.
1
Evaluate 2 - (3 + (4 - 4) + -5).
4
Calculate 7 + -5 - (-1 - 0).
3
What is 5 - 2 - -2 - 0?
5
Calculate 1 + 0 - 5 - -4 - -4.
4
What is the value of -12 - (2 - 10 - 10)?
6
Evaluate 1 - 17 - (13 + -24).
-5
7 - (6 + 1) - (-3 + 2)
1
What is the value of (4 - 9) + 11 + -5?
1
Evaluate 9 - (4 - (4 + -3) - -1).
5
What is -10 + (3 - (4 - 1))?
-10
What is the value of 25 - 30 - (-3 + 1 + -4)?
1
Evaluate 3 - 10 - (-1 + -1).
-5
What is (4 - (3 - 2)) + -7?
-4
2 + (4 - (-4 + 12)) - 0
-2
What is 0 + 0 + -7 + 9 + -7?
-5
Evaluate (2 - 2) + -5 + -6 + 8.
-3
Evaluate -2 - ((-7 - -5) + -5).
5
What is the value of 4 + (5 - (-7 + 12 - -1))?
3
What is the value of 3 + 3 + -6 - 2?
-2
(3 - 3) + 7 - (7 + -2)
2
What is (-12 - -3) + -7 + 3 + 5?
-8
What is -5 - (3 - (4 + -1))?
-5
10 + (7 - 12) + -3
2
What is 0 - (8 - 9 - (-1 + 0))?
0
What is -4 - (4 - 0 - 6)?
-2
Evaluate 2 - 0 - (-42 - -44).
0
Evaluate 0 + (0 - 7) + -3 + 1.
-9
Calculate -1 - (2 - ((-4 - -4) + 0)).
-3
Evaluate (3 - 1) + (5 - 4).
3
Calculate 5 + 7 + 4 + -9.
7
Evaluate (-6 - (-7 + -2)) + -9.
-6
Evaluate 2 + (2 - 2) - 1.
1
What is the value of 9 - (4 + -8 + 7)?
6
Calculate -1 - -2 - (-3 + 7 - 2).
-1
Evaluate -5 + (-2 - -6) + 4.
3
Evaluate 15 + -10 + 1 + -5.
1
-3 + 0 + 0 - (-6 - 1)
4
What is the value of 1 + -6 - 0 - -4?
-1
What is the value of -11 + 3 - (-12 + 10) - -1?
-5
What is -2 + (3 - (3 - (6 + 0)))?
4
Calculate 0 + 0 + -3 + (26 - 16).
7
Calculate (8 - 3 - 5) + (-1 - 2).
-3
What is the value of -4 + -1 + (0 - (-1 + 1))?
-5
0 + (8 - 4) + 0
4
What is 8 + -11 - (-15 + 5)?
7
4 - 3 - 3 - (-7 - -2)
3
What is the value of (0 + -1 - 2) + 8 + 0?
5
Calculate -3 + (5 - 7) + 5.
0
0 - (3 - 7) - (5 + 1)
-2
Evaluate 19 + (-7 - (0 + 6)).
6
What is 4 + (3 - (13 + -4))?
-2
32 - 34 - (1 + -5)
2
Evaluate 6 - ((7 - 0) + -4) - 0.
3
Calculate 1 + 2 + (5 - (-6 + 8)).
6
13 - 18 - (1 + -1)
-5
-1 - (5 + -9) - (5 + -1)
-1
What is the value of -16 - (-15 + 9 + -4)?
-6
What is the value of 1 + -7 + (-2 - -4)?
-4
Calculate (0 - 0) + -53 + 56.
3
What is -12 + 6 + 6 + (-3 - 1)?
-4
What is -11 + (4 - 1) - -3?
-5
Calculate (-9 + 4 - -9) + -10.
-6
What is 2 - ((2 - (-1 + -5)) + -4)?
-2
What is 2 + (0 + -4 - -8 - 8)?
-2
What is 0 + 0 + 6 + 1 + -4?
3
What is the value of -6 + 1 - -2 - (6 + -5)?
-4
What is the value of 3 + -7 - (-7 - (-5 - -1))?
-1
-3 - (-3 + (8 - 4))
-4
What is the value of 3 - 5 - -7 - 2?
3
Calculate 4 + 0 + (-3 - -3).
4
Evaluate (3 - -2) + -53 + 51.
3
Calculate (-13 - -10) + -7 - -1.
-9
5 + 7 + (-12 - -4 - -6)
10
What is the value of -15 + (8 - (10 + -4 - 6))?
-7
Calculate -11 + 0 + 23 + -16 + 0.
-4
What is the value of (5 + -2 - 1) 